k + 4*v. Suppose 0*o + k = 3*o. List the prime factors of o.
2, 3
Suppose 0 = -4*y + 194 - 54. List the prime factors of y.
5, 7
Suppose -m - 141 = d - 472, -2*m - 1662 = -5*d. What are the prime factors of d?
2, 83
Suppose -2*s + 5*u + 13 = -s, 3*u = 0. What are the prime factors of s?
13
Suppose 5*f + 250 = 5*q, -167 = 5*f - q + 71. Let r = 22 + f. List the prime factors of (-35)/r + (-6)/(-10).
2
Suppose 15 = -3*u, -4*w - 3*u = -2*w - 33. List the prime factors of w.
2, 3
Suppose -2*m = -5*i - 388, -3*m + 2*i + 556 = i. List the prime factors of m.
2, 23
Let j(w) = w**2 + 3*w. Let b be (189/(-6))/3*-4. Let d be (-4)/12 - b/9. What are the prime factors of j(d)?
2, 5
Let g = -3 - -5. Suppose a = g*a - 2. Suppose -a*h - 3*h = -35. What are the prime factors of h?
7
Let m be (-18)/5 - (-6)/10. Let l = m - 0. List the prime factors of l/((-9)/24) - -1.
3
Let d(l) = -l**2 + 7*l + 3. Let b(z) = -z**2 + 6*z + 3. Let u(r) = -6*b(r) + 5*d(r). List the prime factors of u(4).
3
Let p(o) = -o**3 - 6*o**2 - 4*o - 2. List the prime factors of p(-6).
2, 11
Let t(d) = -2*d**2 + 3*d - 4*d - 2*d**2 - 4 + 5*d**2. What are the prime factors of t(4)?
2
Suppose -2*b = 4 - 8. Suppose -3*d = -15, 4*u + d + b*d - 15 = 0. Suppose u = 3*j - 6 - 9. What are the prime factors of j?
5
Suppose 0*f + 3*f + 4*q = 66, 5*q = 2*f - 44. List the prime factors of f.
2, 11
Let h = 29 - 10. What are the prime factors of h?
19
Let w = -49 - -29. Let q = w - -31. List the prime factors of q.
11
Let o(t) = -t**2 - 5*t. Let y be o(-5). Suppose 3*p - 2 = -r + 6*p, -r + p + 12 = y. Suppose -5*w + r = -8. List the prime factors of w.
5
Let v(m) = m**3 + 5*m**2 + m - 1. List the prime factors of v(-4).
11
Let u(n) = 8*n + 2. Let z be u(5). Suppose k + 5*p - z = 0, p - 98 = -2*k - k. What are the prime factors of k?
2
Let z(i) = -i**3 - 14*i**2 + 19*i + 22. Let v be z(-15). List the prime factors of -4 - (-3)/((-3)/v).
2, 17
Let x = -48 - -86. What are the prime factors of x?
2, 19
Suppose 4*j = 3*j. Let i(p) = p**3 + p**2 + p - 16. Let v be i(j). List the prime factors of v/6*(-6 + 0).
2
Let j(t) be the second derivative of -t**5/20 + t**4/2 + t**2 - 2*t. Let s be j(6). What are the prime factors of s*(-9)/12*-2?
3
Suppose 0 = -5*l + 100 + 105. List the prime factors of l.
41
Let r(j) = j**3 - 8*j**2 - 7*j + 4. What are the prime factors of r(9)?
2, 11
Let c = 39 + -2. List the prime factors of c.
37
Suppose 0 = -3*a - 0*a - 39. Let x = 28 + a. What are the prime factors of x?
3, 5
Let q(n) = 33*n**2 - 1. Let p be q(-1). Suppose 0 = -6*b + 2*b + p. List the prime factors of b + (-5)/(10/(-4)).
2, 5
Let d be 4/3*(-9)/(-6). List the prime factors of 4/3*(1 + d).
2
Let x(s) = 2*s - 5. Let k be x(4). Suppose v + 35 = 4*t, 12 + 0 = t + k*v. What are the prime factors of t?
3
Let z be (-2)/(((-1)/65)/1). Suppose -v = v - 4, 0 = -4*g - v + z. Suppose 0 = 2*j - 2 - g. What are the prime factors of j?
17
Let v = 10 + -14. Let b = v + 13. List the prime factors of b.
3
Let z = 272 - 176. List the prime factors of z.
2, 3
Let r be (-8)/(-16) + (-3)/(-2). Suppose -6*y + 16 = -r*y. Suppose 0 = y*p + 3*z - 29, -5*p - 2*z + 12 = -26. What are the prime factors of p?
2
Let o be (-36)/(-15) - 6/15. Suppose 0*k + 5 = 5*k - 2*i, 4*i = -o*k - 22. List the prime factors of (6 - -1)*(k - -2).
7
Suppose 0 = -2*b - 2*j + 50, -2*b + 18 = -4*j - 20. List the prime factors of b.
23
Let r(l) be the second derivative of l**5/20 + l**4/4 - 5*l**3/6 - l. What are the prime factors of r(-4)?
2
Let k(u) = -17*u - 15. List the prime factors of k(-5).
2, 5, 7
Let w = -16 - -11. Let x(p) = -2*p - 10. Let s(k) = -3*k - 10. Let d(r) = w*s(r) + 6*x(r). What are the prime factors of d(7)?
11
Let y(z) = -z + 19. What are the prime factors of y(7)?
2, 3
Suppose 0 = 2*p + 2*p - 16. Suppose p*o - x = 33, -3*x + 4 = 5*o - 50. What are the prime factors of o?
3
Let w(a) = a**2 - a + 1. Let h(y) = -5*y**2 + 5*y - 25. Let l(b) = -h(b) - 4*w(b). What are the prime factors of l(0)?
3, 7
Suppose -10 + 20 = l. What are the prime factors of l?
2, 5
Suppose 0*v - v = 5. Let c = 0 - v. Suppose -c*o + 4*w = -21, 3*o - 17 = -0*o - 2*w. List the prime factors of o.
5
Suppose 0 = -0*p - 4*p + 176. Suppose -p = -4*x + s + 165, 0 = x - 5*s - 38. List the prime factors of x.
53
Suppose -2*r = 4*l + 12, -4*r + 4*l + 36 = -0*l. Suppose 0 = 5*z - 2*a - 39, r*z + 3 = 2*a + 35. List the prime factors of z.
7
Let m = 18 - 13. Let d be m/(-4)*2*-4. Suppose 0*p + d = p. What are the prime factors of p?
2, 5
Suppose -3*v - 2 - 88 = 0. Let x = 60 + v. List the prime factors of x.
2, 3, 5
List the prime factors of 26/(-91) - (-149)/7.
3, 7
Let r(y) = -y + 11. Let b(q) = q**3 - 2*q**2 - 6*q - 5. Let m be b(5). Suppose -j = -6*j + m. List the prime factors of r(j).
3
Let m(i) = i**3 - i**2 - i + 40. What are the prime factors of m(0)?
2, 5
Let j(a) = 15*a + 0*a - a. Let w be j(4). Suppose 0 = -2*s - 2*s + w. What are the prime factors of s?
2, 7
Suppose 0*v - 4 = v. Let p(n) = 3*n**2 - 3. List the prime factors of p(v).
3, 5
Let u(s) = 7*s + 1. Let l be u(2). Suppose 4*i - 3*r - 28 = r, 0 = -i + 3*r + l. What are the prime factors of i?
3
Suppose 0 = -7*i + 29 + 167. List the prime factors of i.
2, 7
Suppose -4*g + v = -87, 3*v + 6 = -4*g + 113. Let m = 13 + g. Suppose -u + 5*u - m = 0. What are the prime factors of u?
3
Suppose 0 = -9*z + 937 + 791. What are the prime factors of z?
2, 3
Let d(m) = 4*m - 10. List the prime factors of d(7).
2, 3
Suppose 0 = -0*o - 2*o + 4*b + 24, 3*b = -5*o + 47. Let p(i) = -i - 3*i - i + 2*i - o. What are the prime factors of p(-8)?
2, 7
Let o be 4/(-2)*-1*2. Suppose 4*b = 2*b + o*d + 18, -4*b + 4*d + 36 = 0. List the prime factors of b.
3
Suppose 4 = -3*u - 5*j, -3*u = -3*j - 9 - 27. Suppose 4*q = u*q - 12. List the prime factors of q.
2
Let j(s) = s**3 - 4*s**2 + 4*s - 3. Let l be j(2). Let y be 4 + l/(1 + 2). What are the prime factors of 6 + (y + 0)/(-3)?
5
Let g be (5/15)/((-2)/(-30)). Suppose -5*x - 2*d + 182 = 0, -g*d + 4*d = x - 34. What are the prime factors of x?
2, 19
Let s be -1*(0 + 0 - 3). Suppose -4 = -s*i + 8. List the prime factors of i.
2
Let s = 15 - -73. What are the prime factors of s?
2, 11
Let h = 3 + 87. What are the prime factors of h?
2, 3, 5
Let w(o) = o**2 - 5*o + 9. Let p be w(-15). What are the prime factors of p/9 - 5/15?
2, 17
Let b(p) = p**2 - 2*p - 7. Let a be b(-5). What are the prime factors of ((-2)/(-7))/(4/a)?
2
Suppose 4*x + x = -3*c + 5, 2*x + c - 3 = 0. Let i be (-4)/(-10) - 86/(-10). Suppose x*r = r + i. What are the prime factors of r?
3
Suppose -85 = 4*c - 273. List the prime factors of c.
47
Let u(q) = -156*q + 3. What are the prime factors of u(-1)?
3, 53
Let a(y) = -y. Let k be a(-8). Let t(b) = -b**3 + k*b**2 + 0*b**2 - 8 + 0*b + 2*b. What are the prime factors of t(8)?
2
What are the prime factors of 162 + -4 + -1*(-3 + -4)?
3, 5, 11
Let y = 15 - 31. Suppose 0 = 5*q + 42 - 12. List the prime factors of -9*(y/q)/(-2).
2, 3
Let n = -3 + 3. Suppose -w - 40 = -6*w. Let z = w - n. What are the prime factors of z?
2
What are the prime factors of 2/8 - 2763/(-36)?
7, 11
Let s(y) = -y**3 - 6*y**2 + 8*y + 7. Let v be s(-7). List the prime factors of 1 - -4 - (-2 - v).
7
Let s = 0 - -2. Suppose -s*x = x. Suppose x*h - h = -3. What are the prime factors of h?
3
Let q = 22 + -15. Suppose 0 = -9*w + q*w + 72. What are the prime factors of w?
2, 3
Let b be (-33)/(1*3/4). Let j = b - -26. What are the prime factors of j/(-15)*(8 + 2)?
2, 3
Let w = -105 + 149. Suppose 0 = 3*s + x - 21, 5*s - 46 = 2*x - 0*x. Suppose -4*v + s*v = w. What are the prime factors of v?
11
Let i be (4/(-8))/((-2)/(-8)). Let o be (-17)/(-2) + i/4. Let u = 11 - o. What are the prime factors of u?
3
Let f(q) = 7*q**2 - 4*q + 2. Let j be 2/13 + 264/143. List the prime factors of f(j).
2, 11
Suppose 3*t = 7*t - 324. List the prime factors of t.
3
Suppose m = -3*m + 256. List the prime factors of m.
2
Suppose -145 = -3*t - 5*v, -102 = -0*t - 2*t - 2*v. List the prime factors of t.
5, 11
Let g(x) = -x**2 + 10*x - 10. Let p be g(9). What are the prime factors of p*(-1 + 3/(-3))?
2
Let p(z) = -z**3 - 5*z**2 - 6*z - 3. Let b be p(-4). Suppose -a = -2*j - 0*j + 62, -127 = 2*a - b*j. List the prime factors of (-6)/18 - a/6.
